e
Suppose -1638 = 5*g - 4843. Is g prime?
True
Let a be (-3)/9 - 10/6. Is (0 - 2*35)/a a prime number?
False
Let p = -472 - -887. Is p a prime number?
False
Suppose 2*s + 58 = 3*s. Suppose 2*k + s = -100. Let v = -33 - k. Is v a prime number?
False
Let z = 872 - 1317. Is -1*2*z/10 prime?
True
Suppose -4*d + 867 = -1481. Is d prime?
True
Let x(s) = s**2 + s - 5. Let t be x(-4). Is (t - 13)/(2/(-5)) prime?
False
Let o(b) = -6*b + 10. Let q be o(-7). Let j be 1/2 - (-28)/8. Suppose -j*i = -0*i - q. Is i a composite number?
False
Let u = -12 - -18. Suppose -u*d = -5*d - 141. Is d a prime number?
False
Suppose 2*j = -3*t + 5, 3*j + 5*t + 8 = 17. Let u(o) = 2*o**2 + o. Let i be u(j). Suppose -3*g + i*g = 45. Is g composite?
True
Let q = 992 - 525. Is q prime?
True
Suppose 0 = -p, 5*p - 472 = -3*q - 1. Is q a composite number?
False
Let j(m) = m**3 - 9*m**2 + 3. Let t be j(9). Suppose -t*c = -c - 74. Is c a prime number?
True
Let k(p) = 337*p**2 + 6*p + 7. Is k(-2) composite?
True
Is -2 + -4 + -3 + 554 a composite number?
True
Suppose -7*n = -137 - 1116. Is n prime?
True
Let h(x) = -10*x**2 - 9*x + 18. Let b(j) = -21*j**2 - 19*j + 37. Let v(i) = 6*b(i) - 13*h(i). Is v(-10) a composite number?
True
Let g = -25 + 582. Is g a composite number?
False
Let p(v) = v**2 - 4*v + 31. Is p(0) a prime number?
True
Suppose 5*x - 10 = -5*h, 0*x + 2 = -3*x + h. Let o = 1 - x. Let g(p) = 37*p**3 + p**2 - 1. Is g(o) a prime number?
True
Suppose -3*s + 0*p - p = -13, 0 = -2*s + p + 7. Suppose 0 = -2*j + s*j - 8. Is (-2)/(j/(-102)) - 2 a composite number?
True
Let n = 10 - 6. Let o be ((-9)/(-4))/(n/192). Let k = o + -55. Is k a composite number?
False
Let g(t) = -2*t - 1. Let o be g(-3). Suppose k + o*b - 236 = 344, -k - 3*b + 574 = 0. Is k prime?
False
Suppose -5*m - 121 = -6*m. Is m composite?
True
Let k(q) = q**2 + 6*q. Is k(11) composite?
True
Let q = -14 - -20. Is 1 + 88 + (4 - q) a prime number?
False
Suppose t - a = -2, 3*t = a - 2 - 2. Let f be (-2 + 5)*t/(-1). Suppose f*l + 3*u + u - 86 = 0, -l + 5*u - 3 = 0. Is l composite?
True
Let m(k) = -k**3 - 5*k**2 + k + 3. Let v be m(-6). Suppose -4*p = -4*u, 2*u - 5 = -4*p + 19. Suppose s - 61 = -u*f, 5*f - v - 47 = -5*s. Is f composite?
True
Suppose -11 + 18 = -o. Is 36 - ((-3 - o) + -2) composite?
True
Suppose -2*t + 88 = -l, -l - 2*l + 80 = 2*t. Let u = 122 - t. Is u a composite number?
False
Let m(r) = -r - 7. Let l be m(-7). Let c(j) = -j**2 - j + 18. Let z be c(l). Let w = z - -19. Is w a prime number?
True
Let b(t) = t**3 - 7*t**2 - 7*t - 6. Let c be b(8). Let w(r) = -r**2 + 4*r - 3. Let l be w(c). Is 0 + (0 - -37)/l composite?
False
Suppose 5*m = -2*r + 1182, 5*r + 653 = 3*m - 81. Let p be (-2)/(-5) - m/(-5). Suppose 3*a + 2*t - 63 = 0, 0 = 2*a + 5*t - 5 - p. Is a prime?
True
Let h(s) = -s**2 + 3*s + 4. Let t be h(4). Is -1 - t - (-117 + 1) prime?
False
Let q = -428 + 603. Suppose o - q = 10. Is o a prime number?
False
Let y(b) = b**3 - 6*b**2 - 13*b + 21. Is y(10) composite?
True
Suppose -o - 4*o + 30 = 0. Is (4/o)/((-4)/(-462)) composite?
True
Let u(x) = x**2 - 4*x - 1. Let a be u(5). Suppose 16 = -0*f + a*f. Is f composite?
True
Let a be 1240/28 - (-4)/(-14). Suppose 2*q + a = 150. Is q prime?
True
Suppose 18 = 4*i - 22. Suppose 60 = 5*t + i. Is t a composite number?
True
Let a be (2 - (-1)/(-1))*181. Let m = -70 + a. Is m a composite number?
True
Let b(y) = y**2 - 2*y + 4. Let f be b(-10). Suppose -61 = -5*l + f. Is l a composite number?
False
Let z(b) = 4*b**3 - 3*b**2 - 5*b + 4. Let v be z(-4). Let p = -97 - v. Is p a composite number?
True
Suppose 0 = -s - s + 12. Let n(t) = 1 + s*t**2 + 6 + t**3 - 1. Is n(-5) composite?
False
Let y(v) = v**2 + 3*v - 9. Let f be y(-8). Let r = f + 6. Is r composite?
False
Is 4 + 5 + -7 - -249 composite?
False
Let n(p) = -p**2 - 9*p + 12. Let y be n(-10). Suppose -45 = -y*d - d. Is d a prime number?
False
Let s(x) = -314*x - 8. Is s(-3) a composite number?
True
Let a(j) = 126*j**3 + j**2. Let r = 7 + -6. Let d = 2 - r. Is a(d) composite?
False
Suppose 2*m - 229 = -5*c, 0 = c + 1 + 4. Is m a composite number?
False
Let a = 1 - 17. Let t(d) = -d**2 - d + 1. Let o be t(1). Is (-1 - a) + -1 + o a prime number?
True
Suppose 5*x = r + 3070, 4*x + 0*r - 2456 = -2*r. Is x composite?
True
Let k(c) be the second derivative of c**5/30 + c**4/6 - 7*c**3/6 + 3*c**2/2 + 3*c. Let a(g) be the first derivative of k(g). Is a(-5) a prime number?
True
Is (-1303)/(-9) + (-8)/(-36) a prime number?
False
Suppose -2*x - 5*n + 151 = 0, -2*x - 2*n + 157 = n. Let s = -45 + x. Is s composite?
True
Let r be (-3)/12*-6*-2. Let y be r/1*(-10)/3. Is (-18)/(-5) - (-4)/y a composite number?
True
Let g be (0 - (-4)/2) + 0. Suppose -a = -4*y - 16, -g*a + 2 = -3*a - 2*y. Suppose -2*r + 323 = a*o - 3, 3*r + 3*o = 486. Is r a composite number?
True
Let g(d) = -5*d**2 + d - 1. Let m be g(1). Let x be (4/6)/(20/210). Let q = m + x. Is q composite?
False
Suppose -6*u + 0*u + 2370 = 0. Is u a prime number?
False
Let h(g) be the first derivative of g**3/3 - 5*g**2/2 + g - 3. Is h(8) prime?
False
Let g be (0 - -2*1) + -6. Let u be (g/10)/(4/(-40)). Suppose 133 = 5*j - u*j. Is j composite?
True
Suppose -h + 3*k = h - 577, -2*k = -4*h + 1166. Is h prime?
True
Suppose 0 = 10*y - 3*y - 14. Suppose 0 = l + y*a - 675, -5*l + 4*a + 2055 = -2*l. Is l a prime number?
False
Let a = 13 - 3. Suppose 7*z - a*z + 381 = 0. Is z a prime number?
True
Let v = 3864 + -2527. Is v composite?
True
Suppose 0 = -4*b + 4, b = 6*x - 2*x - 843. Is x composite?
False
Suppose 2*p + 4 = 0, -3*n = -n + 4*p + 28. Let t be n/(-15) + (-13)/(-3). Is 36 - (t - 2)/3 a prime number?
False
Let i(d) = -d**3 - 10*d**2 + d + 12. Let g be i(-10). Let x be 0/(-1) - 1 - 16. Let s = g - x. Is s prime?
True
Let s(k) = -59*k**3 + k**2 + 6*k - 7. Let q(x) = 119*x**3 - 2*x**2 - 13*x + 15. Let i(v) = 6*q(v) + 13*s(v). Is i(-1) prime?
True
Let a be 2*(1 + (-35)/(-2)). Suppose 18 = f - a. Is f a composite number?
True
Suppose 2*t = 2*n + 742, -2*n + n - 1855 = -5*t. Is t a prime number?
False
Let m = -1 - -4. Suppose 3*b + 20 = u, 40 = m*u - u - 3*b. Is ((-222)/(-10))/(4/u) prime?
False
Suppose 2*y = -5*p - 405, -14 = 4*p - 3*y + 287. Let v = p + 118. Is v a composite number?
True
Let l = 2786 + 585. Is l a composite number?
False
Let z(t) = t**3 - t**2 - t + 15. Let d(k) = -k**2 + 5*k - 1. Let g be d(4). Suppose 4*x = -16, 3*o - g*x - 11 = 1. Is z(o) prime?
False
Let d be (-2)/(-8) + (-2)/8. Suppose 0 = 4*y + y - 2*g - 82, 5*y + g - 79 = d. Suppose 2*x - 68 = -2*b, -x = 4*b - 9 - y. Is x prime?
True
Suppose 3*v = 3*h + 345, 3*v + 5*h + 239 = 5*v. Suppose -v = -3*j - 13. Is j a prime number?
False
Suppose 0 = -z - 0*z - 3*u + 11, -4*z - 2*u - 6 = 0. Is (-10376)/(-56) + z/14 prime?
False
Let c = 135 - -202. Is c a composite number?
False
Is (-3)/(-5) - 313*(-4)/5 a prime number?
True
Let v = -5 + 5. Let r be v/(-5 + 3) + 160. Let y = r - 105. Is y prime?
False
Let c = -35 - -154. Is c a prime number?
False
Let t be -3*4/(-9)*24. Suppose v - t = -0*v - z, -2*v + 4*z = -94. Is v prime?
True
Let o(f) = -87*f - 15. Is o(-2) a prime number?
False
Let y(z) = z**3 - z**2 + z + 39. Let q be y(0). Let n = q + -18. Is n a prime number?
False
Let h = 1116 + 325. Is h prime?
False
Suppose -4*h - 879 = -5*h. Suppose 3*z + 0*z = h. Is z prime?
True
Let l be ((-8)/(-6))/(2/6). Let b = 4 - l. Is (-1 + b)/(3/(-159)) prime?
True
Let q = -1259 - -2641. Is q a composite number?
True
Let a = 54 + -23. Is a a prime number?
True
Suppose 10 + 10 = -5*u, -20 = -w + 4*u. Suppose w*v - 15 = v - 3*q, 19 = 5*v + 3*q. Suppose v*o = 2*y + 394, 3*y + 784 = 4*o - 2*y. Is o prime?
False
Suppose 304 = -2*p + 1890. Is p a composite number?
True
Let y = -6 + 6. Suppose 3*u - 48 - 9 = y. Is u a composite number?
False
Let w(r) = -46*r + 27. Is w(-8) composite?
True
Let d(q) be the second derivative of q**5/60 + q**4/12 + q**3/6 + q**2/2 - q. Let i(j) be the first derivative of d(j). Is i(4) composite?
True
Let m(j) = 13*j + 6. Let k be m(-5). Let v = k - -190. Is v a composite number?
False
Suppose 0 = -s - 0*s + 13. Is s prime?
True
Is 20 + 1*(0 - 1) composite?
False
Let r(x) = x**2 + 12*x - 4. Let m(z) = -z**2 - 11*z + 5. Let c(y) = -3*m(y) - 4*r(y). Is c(-12) composite?
False
Let m = 266 + -151. 